+ 0 + 2 + -3 + -3.
-3
What is 7 + -3 - 10 - (4 - 4)?
-6
What is 0 + 10 - (-9 - -14)?
5
What is the value of 9 + (-23 - -4) + 8?
-2
Calculate -2 + (15 - 10 - (-1 + 7)).
-3
-3 - -7 - (9 + (-2 - -1))
-4
1 + -1 + 7 - -2
9
Calculate -1 + 0 + 0 - (-4 + 3).
0
What is the value of (11 - 26) + 13 + (-8 - 0)?
-10
What is -2 - (0 - (-2 - (-2 - -3)))?
-5
Calculate 5 - 7 - (4 + -3 + 0).
-3
What is 1 + 6 - (4 - 2)?
5
What is the value of (-4 - -1) + (-5 - -20) + -13?
-1
What is the value of -3 + -9 + -2 + 8?
-6
What is the value of -2 + 3 + (1 - (1 + 4))?
-3
What is (2 - 5) + 7 + -8 + 1?
-3
What is (-3 - -1) + -17 + (26 - 13)?
-6
Calculate -15 + 6 - (-2 - (0 + 2)).
-5
Calculate -2 + (5 - -3) - -1 - 4.
3
Evaluate -7 - (-3 - 0) - -7.
3
Calculate 1 - 9 - (-10 + 5 + -2).
-1
What is 2 - 3 - (3 - 9)?
5
(-9 + 11 - 6) + 9
5
What is 5 + -3 - 2 - 4?
-4
Evaluate 0 + -8 + (1 - -3 - 1).
-5
Calculate 0 + -2 + -2 + 2.
-2
What is 2 - (6 + -1 - -2)?
-5
-3 + (-3 - (-6 + 3)) + 10
7
What is the value of (0 - -3) + 2 + (-6 - -2)?
1
What is 6 - 1 - (2 - (-20 - -21))?
4
Calculate -9 + (-15 - (-41 - -8)).
9
9 + (-11 - (2 - 2))
-2
Calculate (3 - -3) + -5 + -8 + 3.
-4
Calculate 3 + (-5 - (6 + -9)).
1
Calculate 5 - (-1 - -14 - (14 - 11)).
-5
Evaluate -3 + -3 + 7 + 7 + -2.
6
What is 1 + -7 + 3 + 2?
-1
Calculate -1 + (-1 + 0 - (4 + -9)).
3
Calculate 7 - (1 + 2) - (-1 - 0).
5
-3 - -1 - (-4 + 8)
-6
What is 2 - (2 + (5 - (-5 - -7)))?
-3
Evaluate 1 + 0 + (-8 + 2 - -2).
-3
Calculate (0 - -1 - 5) + 6.
2
Calculate (-1 - (9 - 2)) + (11 - 12).
-9
What is the value of -3 - (-11 + 14 + -7)?
1
Evaluate -121 + 124 + (0 - 1).
2
What is (5 - (3 - (0 + 1))) + -4?
-1
Evaluate 8 - 1 - (-99 - -107).
-1
-2 + -5 + 13 + 0
6
(-127 + 126 - (-10 + 1)) + -4
4
What is the value of (6 - -1 - 0) + -3 + 4?
8
What is (-5 + 1 - 5) + 7?
-2
Evaluate -1 + 3 + 0 - 3.
-1
Calculate -5 + -5 + 3 + -3.
-10
Evaluate -5 - ((2 - 7) + -7).
7
What is 1 + (-5 - (-2 - -3))?
-5
What is the value of -4 - (2 + -4) - (-9 - -12)?
-5
What is the value of -1 + (2 + -4 - -3)?
0
What is 4 + 4 + -2 - 3?
3
What is the value of 11 + -2 + -11 + 6?
4
Calculate 2 + (0 - -2 - 8) - -3.
-1
2 - (5 + -6) - 2
1
-4 + 11 + (-11 - -5)
1
-5 + (5 + 14 - 11)
3
(8 + -2 - 9) + (1 - -1)
-1
Evaluate 0 - (3 + (1 - 7)).
3
What is 9 + 0 + (-1 - (-2 - -4))?
6
Evaluate -2 + (-1 - (-17 + 9)).
5
What is the value of 1 - (3 - 8) - 3 - 0?
3
What is -2 - (-5 + 2 + 2)?
-1
Evaluate 6 + -12 + (1 - -1) + 2.
-2
What is the value of (6 - 9) + -2 - -6?
1
3 - (10 - (4 - 0))
-3
What is -3 - -2 - 5 - -8 - 7?
-5
Calculate 0 - (1 + 1) - -6.
4
Evaluate (-6 - -11) + -3 + -1.
1
Calculate 3 - (7 + -4 + 3).
-3
What is the value of 4 - (2 + 6) - -3?
-1
Evaluate 2 - (-3 - -3) - (-5 + 3).
4
Evaluate 26 - 29 - (4 - 1).
-6
Calculate 3 + (8 - 16) - (0 + -4).
-1
What is (8 - 4) + -4 + 2 + 0?
2
5 - (-1 + (-3 - -5 - -2))
2
Evaluate 5 + -8 + 0 + 2.
-1
What is the value of -1 + (1 - (-8 + 8 + -4))?
4
What is the value of -6 - (-6 + 4 + 1)?
-5
What is the value of 11 - (11 - 13 - (-7 + -1))?
5
Calculate -7 + -2 + 3 + -8 + 8.
-6
Evaluate (-8 - (-3 - -3) - -1) + -1.
-8
What is the value of (-1 - (1 - 5)) + -5?
-2
What is the value of 0 + 4 + -8 - -8?
4
What is (7 - 4) + -3 - 5?
-5
Calculate -1 - 5 - (-5 + 6).
-7
What is the value of 1 - (-3 + (7 - (0 - 1)))?
-4
What is the value of (-9 - -3) + 1 - -4?
-1
Evaluate -1 + (3 - ((3 - 6) + 7)).
-2
What is the value of 2 - (2 + 1 + 2)?
-3
(-7 - -16) + 0 + -4
5
Calculate 7 + (5 - (-1 + 8 + -1)).
6
What is the value of (-1 + 4 - 3) + 6 + -5?
1
What is -6 + -1 + -5 + (-3 - -14)?
-1
What is (-3 - -1) + (5 - (-2 + 1))?
4
Evaluate (7 - 15) + 3 + 5.
0
Calculate -4 + (0 - (2 - 4)).
-2
Evaluate 1 + -8 - (-32 + 29).
-4
Calculate (-1 - 1) + (-2 - (-1 + -7)).
4
What is 3 - ((-1 - (6 + -4)) + 2)?
4
-2 + (8 + -2 - -1)
5
What is the value of (11 - -2) + -25 + 13?
1
What is the value of (-2 - (-3 + 5)) + 9?
5
-7 + 12 - 8 - -6
3
What is the value of -10 - (7 - 12 - 1)?
-4
Evaluate -1 + -1 + (10 - (1 - 0)).
7
-10 + (5 - (-8 + 7))
-4
What is -2 - (1 - (5 - 2) - 1)?
1
(3 - (2 - -8)) + (3 - -1)
-3
-3 + (1 - -8) + -4
2
Evaluate 0 - (3 + -9 - (3 - 6)).
3
What is the value of (-134 - -137) + -1 + -4?
-2
Calculate 17 - (8 - 10) - 10.
9
Calculate 4 - (2 - (11 - 13)).
0
Evaluate 9 + (8 - 15) + 4.
6
What is the value of 37 + -37 - (2 - 4 - -10)?
-8
Calculate 11 + 1 + -9 + 4.
7
Evaluate -2 + ((5 - 4) + 1 - 4).
-4
-52 - -49 - (2 + -2 + 3)
-6
6 + 0 - 8 - (-1 + -1)
0
Calculate (-4 - 2 - -2) + 6 + -4.
-2
Calculate 6 - (5 + 4 + -4).
1
What is 6 + -4 + (9 + -3 - 6)?
2
Calculate -4 + (4 - 0) + -2.
-2
What is the value of (-4 - -2) + (-3 + 0 - -3)?
-2
5 - 6 - (-4 - -3)
0
Calculate -3 + (3 + -5 - (-1 - 1)).
-3
What is the value of (-5 - -5 - (-3 + 0)) + -3?
0
Evaluate 2 - -4 - 14 - -6.
-2
What is -16 + 17 + -2 + -1 + -1?
-3
Evaluate 7 + -14 - 3 - -16.
6
Evaluate 1 + 4 - (13 - (-9 - -15)).
-2
Calculate 0 - -9 - (106 + -101).
4
Evaluate -9 + 4 - -4 - (-2 + -1).
2
Evaluate -3 + 13 - (5 - -12).
-7
Evaluate -3 - ((5 - 4) + (-11 - -4)).
3
2 - ((1 - (-1 + 2)) + -2)
4
Calculate -10 - (6 + 4 + -18).
-2
What is -1 + -2 - (4 - 14)?
7
What is (9 + -21 - -9) + 0 + -4?
-7
Evaluate 4 + (-2 - -2) + 3.
7
Evaluate (0 - 10) + -103 + 107.
-6
What is the value of 2 + -11 + (-10 - -11)?
-8
Evaluate -1 + 3 - (-5 - (13 + -21)).
-1
What is the value of -4 - (-2 - -3) - -7?
2
What is the value of (-3 - 0) + (-54 - -59)?
2
Evaluate 9 - (-10 - -16 - (-1 + 3)).
5
What is -9 - -1 - (-14 - (5 - 5))?
6
What is 7 + (7 - 7) + -2?
5
Calculate (-2 - -1) + 2 + 2 + -2.
1
Calculate 3 + 0 + 13 + -6 + 0.
10
What is 6 - (3 - ((-9 - -3) + -3))?
-6
Evaluate (36 - 29) + (1 - 7) - 9.
-8
5 - (3 - 3) - 6
-1
-8 + -7 + (-7 - -20)
-2
2 + -9 + 11 + -6
-2
What is the value of -2 - (4 - (3 - -2) - -2)?
-3
What is (-9 - -18) + (-19 - 0)?
-10
What is the value of 2 + 2 + 2 - 3?
3
What is the value of -1 + (1 - (-12 + 4 - -3))?
5
What is 5 + (8 - 2) + (8 - 14)?
5
0 + 2 + (5 - 11) + 9
5
Calculate (-1 - 3) + (8 - (-1 - -3)).
2
What is -1 + (4 - 1) - (2 + -1)?
1
What is the value of -9 - (-12 + (-1 - -4))?
0
Calculate 7 - ((9 - 0) + -5).
3
What is 1 + 1 + 8 - 6?
4
Calculate 6 - ((8 - 4) + -2).
4
Calculate (-7 + 14 - (5 - 1)) + -1.
2
(4 + -4 - -6) + (1 - 6)
1
Calculate 0 - 3 - -2 - 0 - -2.
1
Calculate -4 + -1 - (-5 + 3 + -2).
-1
What is 2 + -5 + (-2 - -3)?
-2
Evaluate (-3 - (0 + 2)) + (2 - 1).
-4
0 - (1 - -3 - 2 - 0)
-2
Calculate 4 - ((5 - 7 - -6) + -4).
4
(5 - 8) + -1 + 6
2
What is -5 + (-2 + 4 - 0) + 3?
0
Evaluate (0 - 1 - -2 - 1) + 2.
2
Evaluate -9 + 11 + -1 + 1.
2
Calculate (7 - 5) + -4 + (-2 - -5).
1
-4 + (2 - -3 - 5)
-4
120 + -114 + 1 + -11
-4
Evaluate 7 + 1 + -13 + 8.
3
-1 + 0 + (1 - 0) + 4
4
What is 0 - 0 - (4 + -1) - -8?
5
What is -2 - (-1 - 0 - (-70 + 68))?
-3
What is 4 + (-4 - 4) - -2?
-2
Calculate -8 + -2 + 4 + 4.
-2
What is -18 + 16 + 0 + 8 - 3?
3
Evaluate (4 - -1) + (-1 - (-3 - -4)).
3
Evaluate 6 + -11 + 8 + 3.
6
5 + -6 + -11 - -6
-6
-5 - (0 + -4 + 1 - 2)
0
What is the value of (0 - 10) + 14 + (6 - 1)?
9
What is the value of 4 + -9 + (11 - 1)?
5
Calculate 11 - ((5 - -3) + -5) - 3.
5
What is -5 - (7 + -7) - -7?
2
What is the value of (1 - (6 - 0)) + 11?
6
Evaluate 4 + -1 + -6 + 0.
-3
Calculate 13 + -3 - 6 - 0.
4
What is the value of -2 + (1 - (7 + -11))?
3
What is the value of 1 - 2 - (-2 - -1)?
0
-7 - (-4 + (-3 - -1))
-1
Evaluate -2 + 4 + -2 + 4 - -6.
10
Calculate -10 - (-3 - (10 + -6)).
-3
What is -10 + 2 + 11 + 0?
3
What is the value of 4 + 2 + -1 - (14 - 4)?
-5
What is -8 - (7 + -8 + 1 - 9)?
1
What is 3 + (-1 + -2 - 1)?
-1
What is the value of (4 - 2) + -6 + 3?
-1
Calculate -7 - 0 - (-9 + -11 + 24).
-11
Evaluate 2 + -4 + (3 - 2 - -3).
2
Evaluate 0 - (4 + -6 + 3).
-1
0 - -4 - 4 - (1 - 0)
-1
Evaluate (2 - -3) + -2 + (1 - 2).
2
-3 + 3 + -10 + 11
1
What is the value of 2 + -1 + -8 - (1 - 4)?
-4
What is (6 + -6 - -5) + 0?
5
Calculate (-1 - 7) + (3 + 12 - 10).
-3
Calculate (4 - 1) + -3 - 3.
-3
Calculate 2 - 5 - (12 + -2 - 10).
-3
What is 7 + (-2 - 1) + (15 - 15)?
4
What is 1 - (-2 - 1) - (6 + -1)?
-1
What is the value of -2 + -2 + (-4 - -1) + 2?
-5
What is -7 + 1 + -6 + 11 + 6?
5
What is 5 + (-6 - (9 + -9))?
-1
(2 - -2) + -11 + (-1 - 0)
-8
-6 + (-2 - 1) - (-4 + 1)
-6
(-4 - (0 - 0) - -4) + 4
4
What is -1 + -3 + 4 + 10 + -19?
-9
Evaluate (1 - 